= -2*x**3 - 37*x**2 + 49*x + 74. What is p(-1)?
-10
Let u(h) = 3*h**3 - 786*h**2 - 1017*h + 59964. What is u(263)?
0
Let a(f) = 46*f**3 + 568*f**2 + 13*f - 2142. Calculate a(-12).
6
Let z(t) = -3*t**3 + 34*t**2 - 45*t + 560. Calculate z(14).
-1638
Let d(y) = -5019*y - 1219252. What is d(-243)?
365
Let f(b) = -1863*b**2 + 9318*b - 37. What is f(5)?
-22
Let f(l) = -27969*l + 280333. Give f(10).
643
Let o(r) = 708*r - 4693. Calculate o(9).
1679
Let q(w) = -21*w**3 + 275*w**2 + 1146*w - 15230. Calculate q(13).
6
Let j(o) = 2*o**3 - 18*o**2 + 817*o - 6417. Give j(8).
-9
Let c(a) = -12580*a + 251603. What is c(20)?
3
Let w(b) = -b**2 + 38*b + 154246. What is w(-375)?
-629
Let o(m) = 27860*m - 223086. Give o(8).
-206
Let f(b) = 3*b**2 - 410*b - 10125. Determine f(-21).
-192
Let y(w) = 2072*w**2 + 14504*w - 18. Give y(-7).
-18
Let u(a) = 1231*a - 51698. What is u(42)?
4
Let f(n) = -2*n**2 + 125*n + 3427. Calculate f(83).
24
Let f(u) = -u**3 + 19*u**2 - 14782*u + 235743. Give f(16).
-1
Let y(x) = -2*x**3 + 4*x**2 + 615*x + 3612. Calculate y(-6).
498
Let o(d) = 258*d - 8357. What is o(32)?
-101
Let k(f) = 2*f**2 - 4878*f + 125694. Calculate k(26).
218
Let i(w) = -569*w + 11121. Give i(17).
1448
Let k(j) = 441*j + 1274. Determine k(-3).
-49
Let i(u) = 1247*u + 6483. What is i(-3)?
2742
Let q(p) = 136*p - 16853. Give q(124).
11
Let q(s) = -7*s**2 + 109*s + 1479. Calculate q(-11).
-567
Let z(k) = -22*k**2 - 2167*k + 1101. Give z(-99).
12
Let a(h) = 967*h**2 + 6777*h + 11. Calculate a(-7).
-45
Let i(a) = -2*a**3 + 523*a**2 + 1823*a + 8499. What is i(265)?
19
Let l(h) = -h**3 + 24*h**2 + h + 162. Give l(24).
186
Let i(q) = q**3 + 76*q**2 - 5285*q + 7240. What is i(43)?
16
Let c(v) = 4*v**2 + 68*v - 74. Determine c(-15).
-194
Let i(y) = y**2 - 4*y - 1653. Give i(42).
-57
Let j(h) = 2*h**2 + 396*h + 21169. What is j(-102)?
1585
Let h(v) = -v**3 + 411*v**2 - 6532*v - 65385. What is h(394)?
19
Let z(m) = m**3 - 226*m**2 - 893*m - 6157. What is z(230)?
53
Let a(h) = -h**2 - 5288*h + 180964. Give a(34).
16
Let b(o) = -9933*o - 39869. What is b(-4)?
-137
Let f(q) = -q**3 + 158*q**2 - 2963*q - 3935. What is f(136)?
9
Let u(h) = -4311*h + 475. Calculate u(0).
475
Let s(u) = 113022*u + 339070. Determine s(-3).
4
Let n(l) = -112*l**2 - 1440*l - 57. What is n(-13)?
-265
Let h(i) = 6*i**3 + 69*i**2 + 73*i + 439. Calculate h(-11).
-1
Let f(c) = 6607*c - 40997. Calculate f(6).
-1355
Let b(i) = -i**3 + 67*i**2 - 1093*i + 2616. Calculate b(43).
-7
Let j(l) = 3117*l - 202578. Calculate j(65).
27
Let x(m) = 137235*m + 549131. What is x(-4)?
191
Let i(d) = 1996*d - 59935. Calculate i(30).
-55
Let j(t) = -t**3 + 21*t**2 + 141*t - 1593. What is j(23)?
592
Let k(q) = 1869*q - 1469025. Determine k(786).
9
Let d(b) = 113*b - 588. What is d(2)?
-362
Let d(m) = m**3 + 16*m**2 + 1164*m + 18673. Give d(-16).
49
Let m(i) = 723*i - 9294. Determine m(12).
-618
Let g(j) = j**3 - 82*j**2 + 401*j - 1239. Determine g(77).
-7
Let n(g) = -g**3 - 6*g**2 + 3*g - 63. What is n(-7)?
-35
Let t(n) = 2885*n + 40056. Determine t(-14).
-334
Let k(y) = -44*y**2 + 77793*y - 1776. Calculate k(1768).
-8
Let a(n) = -n**2 + 18*n + 3563. What is a(-34)?
1795
Let b(a) = 6*a**3 - 158*a**2 + 100. Determine b(26).
-1252
Let u(a) = 91*a**2 - 723*a + 2865. What is u(4)?
1429
Let x(w) = -6*w**2 + 72*w + 277. Calculate x(-4).
-107
Let a(r) = -r**2 - 442*r + 9183. What is a(20)?
-57
Let t(l) = -l**2 + 804*l - 15677. Calculate t(20).
3
Let d(c) = 269*c + 3294. Determine d(-9).
873
Let l(c) = 2935*c + 32375. Calculate l(-11).
90
Let d(t) = 9239*t + 72965. Give d(-8).
-947
Let t(s) = -s**3 - 93*s**2 + 892*s + 8503. What is t(-101)?
19
Let m(c) = -5940*c + 29598. What is m(5)?
-102
Let h(q) = -4*q**3 - 4*q**2 - 15*q - 29. Give h(-2).
17
Let k(a) = -12*a**2 - 941*a + 557. Calculate k(-79).
4
Let x(f) = -585*f**2 + 6397*f + 423. Give x(11).
5
Let n(t) = 30542*t + 60143. Determine n(-2).
-941
Let c(o) = o**2 + 214*o - 32222. Give c(102).
10
Let o(c) = -c**2 + 15*c + 359. What is o(44)?
-917
Let n(q) = -q**3 + 13*q**2 - 14728*q + 191471. Determine n(13).
7
Let z(q) = 7*q - 210. Determine z(-67).
-679
Let d(a) = 5694*a + 575115. Determine d(-101).
21
Let d(b) = b**3 - 14*b**2 + 6*b - 171. What is d(16)?
437
Let m(r) = 11287*r + 259592. Give m(-23).
-9
Let v(x) = -474*x + 78797. What is v(166)?
113
Let v(x) = -52583*x - 368276. Give v(-7).
-195
Let x(n) = -n**3 - 842*n**2 + 40850*n - 151. Give x(46).
-59
Let z(s) = 1406*s - 1523. Determine z(6).
6913
Let m(q) = -10*q**2 + 2823*q + 53099. What is m(300)?
-1
Let l(r) = 392*r**2 - 3555*r - 8334. Calculate l(11).
-7
Let m(w) = 314*w - 77792. Calculate m(240).
-2432
Let n(c) = -73*c + 10698. Determine n(157).
-763
Let q(z) = 7276*z - 11088632. Determine q(1524).
-8
Let t(q) = -q**2 + 248*q + 5424. Calculate t(267).
351
Let u(x) = -4824*x - 159165. Determine u(-33).
27
Let f(y) = 6*y**2 - 270*y - 1296. What is f(-4)?
-120
Let g(o) = 129*o + 3546. Calculate g(-27).
63
Let z(y) = 5*y**3 - 14*y**2 + 344*y + 754. Calculate z(-2).
-30
Let g(p) = 94*p - 2908. Give g(26).
-464
Let z(n) = 7*n**2 + 4392*n - 18. Calculate z(0).
-18
Let k(r) = 924*r - 916. What is k(1)?
8
Let y(c) = -2*c**3 + 346*c**2 - 224*c - 20663. Give y(172).
-23
Let g(w) = w**3 - 13*w**2 - 135*w + 1690. What is g(15)?
115
Let s(h) = -5*h**3 - 795*h**2 + 809*h - 247. Determine s(-160).
-1687
Let t(h) = -3*h**2 + 8151*h + 1021320. Give t(-120).
0
Let f(u) = 189*u**2 + 1899*u + 44. Calculate f(-10).
-46
Let c(b) = -2113*b + 536895. Give c(254).
193
Let v(q) = q**3 + 32*q**2 + 41*q - 1924. Calculate v(-28).
64
Let a(s) = -315588*s - 3471439. Determine a(-11).
29
Let g(v) = 7311*v + 1184384. Determine g(-162).
2
Let m(f) = 3*f**3 + 429*f**2 + 432*f + 840. Calculate m(-142).
-12
Let x(m) = 9*m**2 - 222*m + 545. Give x(14).
-799
Let s(b) = -b**3 + 9*b**2 - 168*b + 1505. Give s(9).
-7
Let a(r) = -2*r**3 + 84*r**2 - 535*r - 263. Determine a(8).
-191
Let l(v) = 2*v**3 - 13*v**2 - 12774*v + 6282. Determine l(83).
57
Let z(q) = -434*q**2 + 32590*q - 2993. Calculate z(75).
7
Let l(x) = 21*x**2 - 257*x + 573. Give l(10).
103
Let j(z) = -z**3 - z**2 + 77*z - 751. What is j(9)?
-868
Let y(i) = 646*i - 17490. Determine y(31).
2536
Let b(j) = -17*j**3 + 13648*j**2 + 2404*j + 4025. What is b(803)?
10
Let p(s) = 68134*s + 272615. Give p(-4).
79
Let a(s) = 452*s + 7553. What is a(-13)?
1677
Let u(s) = -1476*s + 3738. Determine u(2).
786
Let k(t) = 4*t**3 - 62*t**2 - 70984*t + 1135234. Determine k(16).
2
Let x(k) = -3*k**3 - 352*k**2 + 585*k - 1056. Give x(-119).
134
Let t(d) = -d**3 + 20*d**2 - 131*d + 1832. Calculate t(19).
-296
Let c(v) = -2*v**2 + 372*v + 24556. Calculate c(-52).
-196
Let m(l) = l**2 + 27612*l + 165619. Give m(-6).
-17
Let y(s) = -3609*s - 3611. Determine y(-1).
-2
Let y(m) = -m**3 - 13*m**2 - 96*m - 5397. What is y(-21)?
147
Let y(s) = -2*s**2 + 205*s - 888. What is y(98)?
-6
Let v(y) = 6680*y - 46546. Calculate v(7).
214
Let l(k) = 27*k**2 - 1487*k - 2976. Give l(57).
-12
Let m(h) = h**2 - 115*h - 14245. Determine m(-75).
5
Let j(d) = -1039*d - 571463. Determine j(-550).
-13
Let o(j) = j**2 + 4805*j + 2974776. Determine o(-730).
26
Let r(n) = n**3 + 38*n**2 + 375*n - 5926. Calculate r(8).
18
Let j(q) = -12*q**2 - 68*q + 3734. Determine j(-36).
-9370
Let z(j) = 74*j**3 + 129*j**2 + 159*j + 17. What is z(-1)?
-87
Let d(v) = 62*v**3 + 49*v**2 + 7*v + 9. Calculate d(3).
2145
Let q(m) = -43740*m - 88215. Calculate q(-2).
-735
Let x(r) = -380*r**2 - 13292*r + 280. Determine x(-35).
0
Let c(m) = -6*m**3 + m**2 + 258*m + 716. What is c(-3)?
113
Let k(n) = -1055*n - 12179. Give k(-12).
481
Let v(u) = -11*u**2 + 597*u - 7568. Determine v(19).
-196
Let v(m) = -6*m**2 + 2293*m - 6872. What is v(3)?
-47
Let o(i) = -2*i**3 + 232*i**2 - 8*i + 1038. What is o(116)?
110
Let r(h) = h**3 - 40*h**2 - 1727*h + 69190. Determine r(41).
64
Let t(c) = -38*c**2 - 58*c + 190. Calculate t(2).
-78
Let x(b) = -b**2 + 19017*b - 1231839. Determine x(65).
41
Let z(u) = 5*u**2 + 442*u + 6728. Give z(-69).
35
Let k(l) = -551*l**2 + 3875*l + 20. Determine k(7).
146
Let c(g) = -g**3 + 23*g**2 - 106*g + 419. Determine c(12).
731
Let k(w) = 55*w**3 - 1101*w**2 + 1086*w - 21315. What is k(20)?
5
Let p(r) = 6003*r + 630352. What is p(-105)?
37
Let j(o) = o**